 prime factors of (-3 - 0)/(o/(-2898))?
2, 7, 23
List the prime factors of 40/(-24)*-3 + 5336.
7, 109
Suppose -t + 7*t - 48 = 0. Suppose -t = 12*j - 16*j. Suppose -j*q + 52 = -3*u, 0 = q - 6*u + 3*u - 32. List the prime factors of q.
2, 5
Suppose 0 = -2*v - 3*j - 0*j + 7476, 11200 = 3*v + j. List the prime factors of v.
2, 3, 311
List the prime factors of (8 + -1)*(18/(-105))/(9/(-89325)).
2, 3, 5, 397
Suppose -4*n + 105 = -3*n. Let b = 1434 + -1246. Suppose -109*d + n*d + b = 0. What are the prime factors of d?
47
Suppose -7*a - 201 = -768. Suppose 2397 - a = 12*u. What are the prime factors of u?
193
Suppose -8*n - 867 = 13. Let c = n + 215. What are the prime factors of c?
3, 5, 7
Suppose -30 = -6*w, -5*f - 38341 = -2*w - 195486. List the prime factors of f.
3, 10477
Let g(x) be the first derivative of -2*x**3/3 + 15*x**2/2 + 4*x + 2. Suppose -q - 5*t = -20, -36*t = q - 34*t - 11. What are the prime factors of g(q)?
29
Let v = 126 - -59. Let o = v + 286. What are the prime factors of o?
3, 157
Suppose -3*g = -g - a + 261, -4*a = -4*g - 512. Let q be g/(-14) + 2/(-4). What are the prime factors of (-909)/(-4) + q/12?
2, 3, 19
Let r = 379 - 394. List the prime factors of (-2763)/r + (-2)/10.
2, 23
Let f = 390 - 400. Let c(j) = -121*j + 33. List the prime factors of c(f).
11, 113
Let m be -1 + (-9)/(-4) - (-29168)/64. Suppose m + 1481 = 6*b. What are the prime factors of b?
17, 19
Suppose -3*a + 3037 = -15806. What are the prime factors of a?
11, 571
Suppose 40*g - 50137 - 45501 = 10602. What are the prime factors of g?
2, 83
What are the prime factors of ((-3 + 5)/(3*2/20484))/1?
2, 3, 569
Let x = 39206 + -26809. What are the prime factors of x?
7, 11, 23
Suppose 25 = -0*v + 5*v. Suppose l + v*r = 30, -4*l + 42 = r - 40. Let w = -9 + l. List the prime factors of w.
11
Let w(n) = 149*n**2 - 104*n - 42. List the prime factors of w(21).
3, 7, 3023
Let n(t) = 338*t - 344*t - 91 - 6. List the prime factors of n(-19).
17
Let i = -1216 + 1734. Suppose 0*m + 2*m - 2*c - i = 0, 514 = 2*m - 3*c. List the prime factors of m.
263
Let x(y) = y**2 + y - 12. Suppose -2 + 27 = -5*g, 4*n + 1 = 3*g. Let j be x(n). What are the prime factors of (43 - -1) + j + 3?
47
Let o(a) = 2*a + 3. Let y be o(15). Suppose y*i + 5*h + 663 = 36*i, h + 1105 = 5*i. What are the prime factors of i?
13, 17
Let i = 12875 - -3541. What are the prime factors of i?
2, 3, 19
Let i(l) = -4*l + 3. Let u be i(-2). Let k = 13 - u. What are the prime factors of (5/k)/((5/(-26))/(-5))?
5, 13
List the prime factors of (-1)/(-11)*-1 + (-32866203)/(-4191).
2, 3, 1307
Suppose 4*w + j = 58349, -j = -28*w + 27*w + 14586. What are the prime factors of w?
29, 503
Suppose 1655*b - 828*b = 834*b - 49364. What are the prime factors of b?
2, 41, 43
Let s = -1464 + 11149. List the prime factors of s.
5, 13, 149
Let w = 2109 - 938. Let d = -724 + w. Suppose 3*l - d = v - 4*v, 0 = v - 4. List the prime factors of l.
5, 29
Let b(o) = 1291*o - 504. What are the prime factors of b(5)?
11, 541
Let c be (-10 + 10)/(-2 + 0). Suppose -3*q - 841 = -c*t - 4*t, -2*q + 438 = 2*t. What are the prime factors of t?
2, 107
List the prime factors of (-12)/(-8) - 375843/(-78).
2, 5, 241
Let k(y) = -y + 2. Suppose 0 = -45*i + 43*i. Let g be k(i). Suppose g*x - 3*x = -12. What are the prime factors of x?
2, 3
Suppose 9*o - 25795 = 2*o. Suppose -57*m + o = -52*m. What are the prime factors of m?
11, 67
List the prime factors of (307545/140)/(3/24).
2, 3, 29, 101
Suppose 0 = -s + 16*s - 12300. What are the prime factors of s?
2, 5, 41
Suppose -15*m + 17*m = 20. Suppose 22*o - m*o - 1980 = 0. What are the prime factors of o?
3, 5, 11
Let z(y) = 50*y**2 + 5*y - 42. List the prime factors of z(-10).
2, 3, 409
Let l(z) = 3*z - 7 + 0*z + 2*z. Let b(s) = s**2 - 15*s - 48. Let w be b(18). List the prime factors of l(w).
23
Let c(h) = -h**2 - 30*h + 60. Let x be c(-32). What are the prime factors of (-414)/(-4)*(x - 112/(-21))?
2, 3, 23
Let j = 87 + -84. Suppose j*u - 1804 = 4*d, 0*u + 5*d - 576 = -u. List the prime factors of u.
2, 149
Let a(m) = 201*m**2 + 664*m - 4011. What are the prime factors of a(6)?
3, 89
List the prime factors of (-94224)/65*(3/9)/(6/(-60)).
2, 151
Suppose -24*w + 3661 + 2291 = 0. List the prime factors of (806/w)/(1/92).
13, 23
Suppose g - 36*w - 16473 = -34*w, 2*g - 33000 = -5*w. What are the prime factors of g?
3, 5, 7, 157
Let w(b) = 17*b**2 + 10*b + 15. Let a(d) = 32*d**2 + 19*d + 29. Let h(f) = 4*a(f) - 7*w(f). List the prime factors of h(3).
2, 5, 11
Suppose -3*x - 2*x = -25. Let o be (94 + -4)*((-18)/(-12) - -2). Suppose 180 + o = x*b. List the prime factors of b.
3, 11
List the prime factors of (-772)/(-12) - (-232)/(-174).
3, 7
Suppose -5*w - 97 - 188 = 0. Suppose -2*k - 4*y - 61 = y, -y + 155 = -4*k. Let r = k - w. What are the prime factors of r?
19
Let z be (-46)/(-14) + 32/(-112). Suppose -4*b = -8*b - 2*w + 2680, -2028 = -z*b + 3*w. What are the prime factors of b?
2, 3, 7
Let f = -2081 + 11398. List the prime factors of f.
7, 11
Suppose -5*m = 4*a + 7 - 9, 5*a = -m + 13. Suppose -a*b + 656 = -31. List the prime factors of b.
229
Let z = -8858 + 124. What are the prime factors of (-13)/(-39) + z/(-6)?
2, 7, 13
Let v = 13 - 18. Let t(i) be the second derivative of -i**5/20 - i**4/4 + 3*i**3/2 + 15*i**2/2 + 41*i. What are the prime factors of t(v)?
2, 5
Let q(s) = 28*s**2 - 3*s - 2. Let z be q(-1). Let b = 26 - z. List the prime factors of ((-504)/(-16))/(b/(-4)).
2, 3, 7
Suppose -4*i = 2*s - 30822, 29*s - 15410 = 28*s - 3*i. What are the prime factors of s?
15413
Suppose 3*i + 0 = 12. Suppose -i*w = 7*w - 22. Suppose w*z - 64 = 300. List the prime factors of z.
2, 7, 13
Let q(w) = w**2 + 12*w - 104. List the prime factors of q(8).
2, 7
List the prime factors of 787140/15 + 3/(9/(-15)).
137, 383
Let q = -55 + 45. Let i(w) = -w**2 - 3*w - 7. Let j(a) = a**2 + 4*a + 8. Let h(g) = 5*i(g) + 6*j(g). What are the prime factors of h(q)?
23
Let x(t) = t**2 - 4*t + 10. Let f = -20 + 68. Suppose -y + 4 = 0, -b - 2*y = 4*b - f. List the prime factors of x(b).
2, 3, 7
Let b = 13331 - -19848. List the prime factors of b.
33179
List the prime factors of -3 - (17 + -11 + -58397).
2, 11, 1327
Let j(o) = -9*o + 19. Let b(a) = -22*a + 34. Let u(z) = 7*z - 11. Let x(n) = 2*b(n) + 7*u(n). Let h(t) = 3*j(t) + 7*x(t). What are the prime factors of h(8)?
2, 29
Let h = 3810 + -3587. What are the prime factors of h?
223
Suppose -4*x + 69704 = -53276 - 16584. List the prime factors of x.
23, 37, 41
Suppose -2*w + 2 = 20. List the prime factors of 42/(-4)*(1632/w)/8.
2, 7, 17
Let g be (1 + -5)/(58/(-29)). Suppose -23 - 259 = g*j. Let n = j - -223. What are the prime factors of n?
2, 41
List the prime factors of 15750 + (8 + -5)*(1 + (-8 - -6)).
3, 29, 181
Let g = 237 - 241. Let b(i) = -111*i - 23. What are the prime factors of b(g)?
421
List the prime factors of ((-4)/24)/(18/(-107676)).
997
Let u(b) = 30*b - 5 + 29*b + 34*b - 92*b. Let p be u(-11). What are the prime factors of (p/6)/(66/(-1287))?
2, 13
What are the prime factors of (-10)/(-195) + 7622553/2223?
3, 127
Let m(d) = 598*d + 2581. List the prime factors of m(11).
3, 43, 71
Let j(d) = 120*d**2 + 116*d + 1147. List the prime factors of j(-9).
11, 19, 47
Let m(t) = t**2 - 6*t - 8. Let l be m(7). Let c(w) = -24*w + 983. Let d be c(41). What are the prime factors of -64*(0 - d)*l?
2
Let p(i) = -7*i**2 + 22 + i**3 - 2*i**2 + 0*i - 3*i + 2*i**2. Let u be p(7). Suppose 11*b + u = 111. List the prime factors of b.
2, 5
List the prime factors of -2*60/(-24)*(1346 - 2).
2, 3, 5, 7
Suppose 108*a - 88*a - 157200 + 21640 = 0. What are the prime factors of a?
2, 3389
Let o(i) be the first derivative of -i**4/4 - 4*i**3/3 + i**2 + 11*i + 1. Suppose -2*t = 5*g - 6, 28*g - 33*g + 34 = -2*t. What are the prime factors of o(t)?
2, 3
Let k = -23 - -15. Let s be (k/(-12))/(2/12). What are the prime factors of s/24 - (-115)/30?
2
Let d = 45089 + -31843. List the prime factors of d.
2, 37, 179
List the prime factors of -150155*(0 + ((-224)/20 - -11)).
59, 509
Let w(v) = v**3 + 6*v**2 - v + 2. Let m be w(-5). Let j = 34 - m. Suppose -j*f + 181 + 111 = 0. What are the prime factors of f?
2, 73
Let f(o) = -o**3 - 33 - 16*o + 18*o + 17. List the prime factors of f(-6).
2, 47
Let q(